{"id":88,"date":"2019-04-05T10:56:34","date_gmt":"2019-04-05T10:56:34","guid":{"rendered":"https:\/\/colibriwp-work.colibriwp.com\/theater\/?page_id=88"},"modified":"2023-01-20T16:39:18","modified_gmt":"2023-01-20T16:39:18","slug":"events","status":"publish","type":"page","link":"https:\/\/etazla.com.co\/?page_id=88","title":{"rendered":"NOSOTROS"},"content":{"rendered":"<div data-colibri-id=\"88-c1\" class=\"style-203 style-local-88-c1 position-relative\">\n  <!---->\n  <div data-colibri-component=\"section\" data-colibri-id=\"88-c2\" id=\"blank\" class=\"h-section h-section-global-spacing d-flex align-items-lg-center align-items-md-center align-items-center style-814 style-local-88-c2 position-relative\">\n    <!---->\n    <!---->\n    <div class=\"h-section-grid-container h-section-boxed-container\">\n      <!---->\n      <div data-colibri-id=\"88-c3\" class=\"h-row-container gutters-row-lg-2 gutters-row-md-2 gutters-row-0 gutters-row-v-lg-2 gutters-row-v-md-2 gutters-row-v-2 style-815 style-local-88-c3 position-relative\">\n        <!---->\n        <div class=\"h-row justify-content-lg-center justify-content-md-center justify-content-center align-items-lg-stretch align-items-md-stretch align-items-stretch gutters-col-lg-2 gutters-col-md-2 gutters-col-0 gutters-col-v-lg-2 gutters-col-v-md-2 gutters-col-v-2\">\n          <!---->\n          <div class=\"h-column h-column-container d-flex h-col-lg-auto h-col-md-auto h-col-auto style-816-outer style-local-88-c4-outer\">\n            <div data-colibri-id=\"88-c4\" class=\"d-flex h-flex-basis h-column__inner h-px-lg-2 h-px-md-2 h-px-2 v-inner-lg-2 v-inner-md-2 v-inner-2 style-816 style-local-88-c4 position-relative\">\n              <!---->\n              <!---->\n              <div class=\"w-100 h-y-container h-column__content h-column__v-align flex-basis-100 align-self-lg-start align-self-md-start align-self-start\">\n                <!---->\n                <div data-colibri-component=\"video\" data-colibri-id=\"88-c5\" class=\"d-block h-video d-block h-video style-822 style-local-88-c5 position-relative h-element\">\n                  <!---->\n                  <!---->\n                  <div class=\"video-container position-relative\">\n                    <div class=\"h-global-transition-all ratio-inner\"><video class='h-video-main' autoplay controls  ><source src=https:\/\/etazla.com.co\/wp-content\/uploads\/2023\/01\/WhatsApp-Video-2023-01-19-at-18.16.26.mp4 type='video\/mp4' \/><\/video><\/div>\n                  <\/div>\n                <\/div>\n              <\/div>\n            <\/div>\n          <\/div>\n        <\/div>\n      <\/div>\n    <\/div>\n  <\/div>\n  <div data-colibri-component=\"section\" data-colibri-id=\"88-c11\" id=\"features\" class=\"h-section h-section-global-spacing d-flex align-items-lg-center align-items-md-center align-items-center style-784 style-local-88-c11 position-relative\">\n    <!---->\n    <!---->\n    <div class=\"h-section-grid-container h-section-boxed-container\">\n      <!---->\n      <div data-colibri-id=\"88-c12\" class=\"h-row-container gutters-row-lg-2 gutters-row-md-2 gutters-row-2 gutters-row-v-lg-2 gutters-row-v-md-2 gutters-row-v-2 style-785 style-local-88-c12 position-relative\">\n        <!---->\n        <div class=\"h-row justify-content-lg-center justify-content-md-center justify-content-center align-items-lg-stretch align-items-md-stretch align-items-stretch gutters-col-lg-2 gutters-col-md-2 gutters-col-2 gutters-col-v-lg-2 gutters-col-v-md-2 gutters-col-v-2\">\n          <!---->\n          <div class=\"h-column h-column-container d-flex h-col-lg-12 h-col-md-12 h-col-12 style-786-outer style-local-88-c13-outer\">\n            <div data-colibri-id=\"88-c13\" class=\"d-flex h-flex-basis h-column__inner h-px-lg-0 h-px-md-0 h-px-2 v-inner-lg-0 v-inner-md-0 v-inner-2 style-786 style-local-88-c13 position-relative\">\n              <!---->\n              <!---->\n              <div class=\"w-100 h-y-container h-column__content h-column__v-align flex-basis-100 align-self-lg-start align-self-md-start align-self-start\">\n                <!---->\n                <div data-colibri-id=\"88-c14\" class=\"h-row-container gutters-row-lg-1 gutters-row-md-1 gutters-row-0 gutters-row-v-lg-1 gutters-row-v-md-1 gutters-row-v-2 style-787 style-local-88-c14 position-relative\">\n                  <!---->\n                  <div class=\"h-row justify-content-lg-center justify-content-md-center justify-content-center align-items-lg-stretch align-items-md-stretch align-items-stretch gutters-col-lg-1 gutters-col-md-1 gutters-col-0 gutters-col-v-lg-1 gutters-col-v-md-1 gutters-col-v-2\">\n                    <!---->\n                    <div class=\"h-column h-column-container d-flex h-col-lg-auto h-col-md-auto h-col-auto style-788-outer style-local-88-c15-outer\">\n                      <div data-colibri-id=\"88-c15\" class=\"d-flex h-flex-basis h-column__inner h-px-lg-1 h-px-md-1 h-px-1 v-inner-lg-1 v-inner-md-1 v-inner-1 style-788 style-local-88-c15 position-relative\">\n                        <!---->\n                        <!---->\n                        <div class=\"w-100 h-y-container h-column__content h-column__v-align flex-basis-auto align-self-lg-start align-self-md-start align-self-start\">\n                          <!---->\n                          <div data-colibri-id=\"88-c16\" class=\"h-icon style-789 style-local-88-c16 position-relative h-element\">\n                            <!----><span class=\"h-svg-icon h-icon__icon style-789-icon style-local-88-c16-icon\"><!--Icon by Icons8 Line Awesome (https:\/\/icons8.com\/line-awesome)--><svg version=\"1.1\" xmlns=\"http:\/\/www.w3.org\/2000\/svg\" xmlns:xlink=\"http:\/\/www.w3.org\/1999\/xlink\" id=\"connectdevelop\" viewBox=\"0 0 512 545.5\"><path d=\"M146.5 99h219l4.5 8 100 174.5 4.5 8-4.5 8L370 472l-4.5 8h-219l-4.5-8L42 297.5l-4.5-8 4.5-8L142 107zm39 32l25 26 73-26h-98zm146 0L223 169.5l35 36.5zm-167 1.5l-.5 1V174l30.5-11zm184.5 3l-79.5 82 57 59L391 208zm-201 26L135 184l13-4.5v-18zm58.5 14L164 191v62l23.5 25 59.5-60.5zm-58.5 21l-25.5 9-1 2L148 236v-39.5zM113 222l-38.5 67.5 38 66L148 319v-59.5zm285 2l-60.5 64 38.5 39.5zm-140 5l-59.5 61 57.5 61 59.5-63zm152.5 13.5l-20.5 99 11 11.5 36.5-63.5zm-246.5 34v26l12.5-13zm162.5 23L267 363l8.5 9H367l5.5-25.5zm-139 2L164 325v47h72l9-9zm-39.5 40L120.5 370l1.5 2h26v-30.5zm238 19l-2.5 11.5h6.5l2.5-4.5zM131 388l17 29.5V388h-17zm33 0v57.5l1 2 56-59.5h-57zm79 0l-56.5 60h138l-56-60H243zm47.5 0l56 60 7-12 10-48h-73zm89.5 0l-.5 2.5 1.5-2.5h-1z\"><\/path><\/svg><\/span><\/div>\n                        <\/div>\n                      <\/div>\n                    <\/div>\n                    <div class=\"h-column h-column-container d-flex h-col-lg h-col-md h-col-auto style-790-outer style-local-88-c17-outer\">\n                      <div data-colibri-id=\"88-c17\" class=\"d-flex h-flex-basis h-column__inner h-px-lg-1 h-px-md-1 h-px-1 v-inner-lg-1 v-inner-md-1 v-inner-1 style-790 style-local-88-c17 position-relative\">\n                        <!---->\n                        <!---->\n                        <div class=\"w-100 h-y-container h-column__content h-column__v-align flex-basis-100 align-self-lg-start align-self-md-start align-self-start\">\n                          <!---->\n                          <div data-colibri-id=\"88-c18\" class=\"h-global-transition-all h-heading style-791 style-local-88-c18 position-relative h-element\">\n                            <!---->\n                            <div class=\"h-heading__outer style-791 style-local-88-c18\">\n                              <!---->\n                              <!---->\n                              <h5 class=\"\">mision<\/h5>\n                            <\/div>\n                          <\/div>\n                          <div data-colibri-id=\"88-c19\" class=\"h-text h-text-component style-792 style-local-88-c19 position-relative h-element\">\n                            <!---->\n                            <!---->\n                            <div class=\"\">\n                              <p><span style=\"color: rgb(255, 255, 255);\">En <\/span><span style=\"color: rgb(128, 236, 21); font-weight: 400;\">ETAZLA SOLUCIONES S.A.S<\/span><span style=\"color: rgb(255, 255, 255);\"> buscamos mejorar la calidad de vida de nuestros usuarios y la creciente creaci\u00f3n de valor social y econ\u00f3mico, a trav\u00e9s de soluciones integrales en telecomunicaciones, seguridad y dom\u00f3tica. Gestionamos nuestros procesos con el mejor talento humano en el marco del desarrollo sostenible, la calidad del servicio, la innovaci\u00f3n efectiva y un excelente clima organizacional.<\/span><\/p>\n                            <\/div>\n                          <\/div>\n                        <\/div>\n                      <\/div>\n                    <\/div>\n                  <\/div>\n                <\/div>\n              <\/div>\n            <\/div>\n          <\/div>\n          <div class=\"h-column h-column-container d-flex h-col-lg-12 h-col-md-12 h-col-12 style-786-outer style-local-88-c20-outer\">\n            <div data-colibri-id=\"88-c20\" class=\"d-flex h-flex-basis h-column__inner h-px-lg-0 h-px-md-0 h-px-2 v-inner-lg-0 v-inner-md-0 v-inner-2 style-786 style-local-88-c20 position-relative\">\n              <!---->\n              <!---->\n              <div class=\"w-100 h-y-container h-column__content h-column__v-align flex-basis-100 align-self-lg-start align-self-md-start align-self-start\">\n                <!---->\n                <div data-colibri-id=\"88-c21\" class=\"h-row-container gutters-row-lg-1 gutters-row-md-1 gutters-row-0 gutters-row-v-lg-1 gutters-row-v-md-1 gutters-row-v-2 style-787 style-local-88-c21 position-relative\">\n                  <!---->\n                  <div class=\"h-row justify-content-lg-center justify-content-md-center justify-content-center align-items-lg-stretch align-items-md-stretch align-items-stretch gutters-col-lg-1 gutters-col-md-1 gutters-col-0 gutters-col-v-lg-1 gutters-col-v-md-1 gutters-col-v-2\">\n                    <!---->\n                    <div class=\"h-column h-column-container d-flex h-col-lg-auto h-col-md-auto h-col-auto style-788-outer style-local-88-c22-outer\">\n                      <div data-colibri-id=\"88-c22\" class=\"d-flex h-flex-basis h-column__inner h-px-lg-1 h-px-md-1 h-px-1 v-inner-lg-1 v-inner-md-1 v-inner-1 style-788 style-local-88-c22 position-relative\">\n                        <!---->\n                        <!---->\n                        <div class=\"w-100 h-y-container h-column__content h-column__v-align flex-basis-auto align-self-lg-start align-self-md-start align-self-start\">\n                          <!---->\n                          <div data-colibri-id=\"88-c23\" class=\"h-icon style-789 style-local-88-c23 position-relative h-element\">\n                            <!----><span class=\"h-svg-icon h-icon__icon style-789-icon style-local-88-c23-icon\"><!--Icon by Font Awesome (https:\/\/fontawesome.com)-->\n    <svg version=\"1.1\" xmlns=\"http:\/\/www.w3.org\/2000\/svg\" xmlns:xlink=\"http:\/\/www.w3.org\/1999\/xlink\" id=\"check\" viewBox=\"0 0 1792 1896.0833\">\n      <path d=\"M1671 566q0 40-28 68l-724 724-136 136q-28 28-68 28t-68-28l-136-136-362-362q-28-28-28-68t28-68l136-136q28-28 68-28t68 28l294 295 656-657q28-28 68-28t68 28l136 136q28 28 28 68z\"><\/path>\n    <\/svg><\/span><\/div>\n                        <\/div>\n                      <\/div>\n                    <\/div>\n                    <div class=\"h-column h-column-container d-flex h-col-lg h-col-md h-col-auto style-790-outer style-local-88-c24-outer\">\n                      <div data-colibri-id=\"88-c24\" class=\"d-flex h-flex-basis h-column__inner h-px-lg-1 h-px-md-1 h-px-1 v-inner-lg-1 v-inner-md-1 v-inner-1 style-790 style-local-88-c24 position-relative\">\n                        <!---->\n                        <!---->\n                        <div class=\"w-100 h-y-container h-column__content h-column__v-align flex-basis-100 align-self-lg-start align-self-md-start align-self-start\">\n                          <!---->\n                          <div data-colibri-id=\"88-c25\" class=\"h-global-transition-all h-heading style-791 style-local-88-c25 position-relative h-element\">\n                            <!---->\n                            <div class=\"h-heading__outer style-791 style-local-88-c25\">\n                              <!---->\n                              <!---->\n                              <h5 class=\"\">VISI\u00d3N 2021 \u2013 2026<\/h5>\n                            <\/div>\n                          <\/div>\n                          <div data-colibri-id=\"88-c26\" class=\"h-text h-text-component style-792 style-local-88-c26 position-relative h-element\">\n                            <!---->\n                            <!---->\n                            <div class=\"\">\n                              <p><span style=\"color: rgb(255, 255, 255);\">Para el 2026 seremos reconocidos a nivel regional por generar confianza en nuestros usuarios, brindando soluciones integrales en telecomunicaciones, seguridad y dom\u00f3tica, logrando un crecimiento social y econ\u00f3mico sostenible.<\/span>                                <\/p>\n                            <\/div>\n                          <\/div>\n                        <\/div>\n                      <\/div>\n                    <\/div>\n                  <\/div>\n                <\/div>\n              <\/div>\n            <\/div>\n          <\/div>\n        <\/div>\n      <\/div>\n    <\/div>\n  <\/div>\n  <div data-colibri-component=\"section\" data-colibri-id=\"88-c27\" id=\"custom\" class=\"h-section h-section-global-spacing d-flex align-items-lg-center align-items-md-center align-items-center style-204 style-local-88-c27 position-relative\">\n    <!---->\n    <!---->\n    <div class=\"h-section-grid-container h-section-boxed-container\">\n      <!---->\n      <div data-colibri-id=\"88-c28\" class=\"h-row-container gutters-row-lg-2 gutters-row-md-2 gutters-row-0 gutters-row-v-lg-2 gutters-row-v-md-2 gutters-row-v-2 style-798 style-local-88-c28 position-relative\">\n        <!---->\n        <div class=\"h-row justify-content-lg-center justify-content-md-center justify-content-center align-items-lg-stretch align-items-md-stretch align-items-stretch gutters-col-lg-2 gutters-col-md-2 gutters-col-0 gutters-col-v-lg-2 gutters-col-v-md-2 gutters-col-v-2\">\n          <!---->\n          <div class=\"h-column h-column-container d-flex h-col-lg-auto h-col-md-auto h-col-auto style-799-outer style-local-88-c29-outer\">\n            <div data-colibri-id=\"88-c29\" class=\"d-flex h-flex-basis h-column__inner h-px-lg-2 h-px-md-2 h-px-2 v-inner-lg-2 v-inner-md-2 v-inner-2 style-799 style-local-88-c29 position-relative\">\n              <!---->\n              <!---->\n              <div class=\"w-100 h-y-container h-column__content h-column__v-align flex-basis-100 align-self-lg-start align-self-md-start align-self-start\">\n                <!---->\n                <div data-colibri-id=\"88-c30\" class=\"h-global-transition-all h-heading style-800 style-local-88-c30 position-relative h-element\">\n                  <!---->\n                  <div class=\"h-heading__outer style-800 style-local-88-c30\">\n                    <!---->\n                    <!---->\n                    <h5 class=\"\">VALORES INSTITUCIONALES 2021 &#8211; 2026<\/h5>\n                  <\/div>\n                <\/div>\n              <\/div>\n            <\/div>\n          <\/div>\n          <div class=\"h-column h-column-container d-flex h-col-lg-auto h-col-md-auto h-col-auto style-803-outer style-local-88-c31-outer\">\n            <div data-colibri-id=\"88-c31\" class=\"d-flex h-flex-basis h-column__inner h-px-lg-2 h-px-md-2 h-px-2 v-inner-lg-2 v-inner-md-2 v-inner-2 style-803 style-local-88-c31 position-relative\">\n              <!---->\n              <!---->\n              <div class=\"w-100 h-y-container h-column__content h-column__v-align flex-basis-100 align-self-lg-start align-self-md-start align-self-start\">\n                <!---->\n                <div data-colibri-id=\"88-c32\" class=\"h-global-transition-all h-heading style-804 style-local-88-c32 position-relative h-element\">\n                  <!---->\n                  <div class=\"h-heading__outer style-804 style-local-88-c32\">\n                    <!---->\n                    <!---->\n                    <h5 class=\"\">PRINCIPIOS<\/h5>\n                  <\/div>\n                <\/div>\n              <\/div>\n            <\/div>\n          <\/div>\n        <\/div>\n      <\/div>\n      <div data-colibri-id=\"88-c33\" class=\"h-row-container gutters-row-lg-2 gutters-row-md-2 gutters-row-2 gutters-row-v-lg-2 gutters-row-v-md-2 gutters-row-v-2 style-205 style-local-88-c33 position-relative\">\n        <!---->\n        <div class=\"h-row justify-content-lg-center justify-content-md-center justify-content-center align-items-lg-stretch align-items-md-stretch align-items-stretch gutters-col-lg-2 gutters-col-md-2 gutters-col-2 gutters-col-v-lg-2 gutters-col-v-md-2 gutters-col-v-2\">\n          <!---->\n          <div class=\"h-column h-column-container d-flex h-col-lg-3 h-col-md-6 h-col-12 style-206-outer style-local-88-c34-outer\">\n            <div data-colibri-id=\"88-c34\" class=\"d-flex h-flex-basis h-column__inner h-px-lg-2 h-px-md-2 h-px-2 v-inner-lg-2 v-inner-md-2 v-inner-2 style-206 style-local-88-c34 position-relative\">\n              <!---->\n              <!---->\n              <div class=\"w-100 h-y-container h-column__content h-column__v-align flex-basis-100 align-self-lg-start align-self-md-start align-self-start\">\n                <!---->\n                <div data-colibri-id=\"88-c35\" class=\"h-icon style-789 style-local-88-c35 position-relative h-element\">\n                  <!----><span class=\"h-svg-icon h-icon__icon style-789-icon style-local-88-c35-icon\"><!--Icon by Material Icons (https:\/\/material.io)--><svg version=\"1.1\" xmlns=\"http:\/\/www.w3.org\/2000\/svg\" xmlns:xlink=\"http:\/\/www.w3.org\/1999\/xlink\" id=\"done_all\" viewBox=\"0 0 512 512\"><path d=\"M9 286l30-30 119 119-30 30L9 286zm465-167l31 30-256 256-120-119 31-30 89 89 225-226zm-90 30L249 285l-30-30 135-136 30 30z\"><\/path><\/svg><\/span><\/div>\n                <div\n                  data-colibri-id=\"88-c36\" class=\"h-text h-text-component style-215 style-local-88-c36 position-relative h-element\">\n                  <!---->\n                  <!---->\n                  <div class=\"\">\n                    <p><span style=\"color: rgb(255, 255, 255);\">Honestidad<\/span><\/p>\n                    <p><span style=\"color: rgb(255, 255, 255);\">Respeto<\/span><\/p>\n                    <p><span style=\"color: rgb(255, 255, 255);\">Responsabilidad<\/span><\/p>\n                    <p><span style=\"color: rgb(255, 255, 255);\">Amabilidad<\/span><\/p>\n                    <p>\n                      <br>\n                    <\/p>\n                  <\/div>\n              <\/div>\n            <\/div>\n          <\/div>\n        <\/div>\n        <div class=\"h-column h-column-container d-flex h-col-lg-3 h-col-md-6 h-col-12 style-206-outer style-local-88-c37-outer\">\n          <div data-colibri-id=\"88-c37\" class=\"d-flex h-flex-basis h-column__inner h-px-lg-2 h-px-md-2 h-px-2 v-inner-lg-2 v-inner-md-2 v-inner-2 style-206 style-local-88-c37 position-relative\">\n            <!---->\n            <!---->\n            <div class=\"w-100 h-y-container h-column__content h-column__v-align flex-basis-100 align-self-lg-start align-self-md-start align-self-start\">\n              <!---->\n              <div data-colibri-id=\"88-c38\" class=\"h-icon style-789 style-local-88-c38 position-relative h-element\">\n                <!----><span class=\"h-svg-icon h-icon__icon style-789-icon style-local-88-c38-icon\"><!--Icon by Material Icons (https:\/\/material.io)--><svg version=\"1.1\" xmlns=\"http:\/\/www.w3.org\/2000\/svg\" xmlns:xlink=\"http:\/\/www.w3.org\/1999\/xlink\" id=\"done_all\" viewBox=\"0 0 512 512\"><path d=\"M9 286l30-30 119 119-30 30L9 286zm465-167l31 30-256 256-120-119 31-30 89 89 225-226zm-90 30L249 285l-30-30 135-136 30 30z\"><\/path><\/svg><\/span><\/div>\n              <div\n                data-colibri-id=\"88-c39\" class=\"h-text h-text-component style-215 style-local-88-c39 position-relative h-element\">\n                <!---->\n                <!---->\n                <div class=\"\">\n                  <p><span style=\"color: rgb(255, 255, 255);\">Equidad<\/span><\/p>\n                  <p><span style=\"color: rgb(255, 255, 255);\">Compromiso<\/span><\/p>\n                  <p><span style=\"color: rgb(255, 255, 255);\">Confianza<\/span><\/p>\n                  <p><span style=\"color: rgb(255, 255, 255);\">Lealtad<\/span><\/p>\n                  <p>\n                    <br>\n                  <\/p>\n                <\/div>\n            <\/div>\n          <\/div>\n        <\/div>\n      <\/div>\n      <div class=\"h-column h-column-container d-flex h-col-lg-3 h-col-md-6 h-col-12 style-206-outer style-local-88-c40-outer\">\n        <div data-colibri-id=\"88-c40\" class=\"d-flex h-flex-basis h-column__inner h-px-lg-2 h-px-md-2 h-px-2 v-inner-lg-2 v-inner-md-2 v-inner-2 style-206 style-local-88-c40 position-relative\">\n          <!---->\n          <!---->\n          <div class=\"w-100 h-y-container h-column__content h-column__v-align flex-basis-100 align-self-lg-start align-self-md-start align-self-start\">\n            <!---->\n            <div data-colibri-id=\"88-c41\" class=\"h-icon style-789 style-local-88-c41 position-relative h-element\">\n              <!----><span class=\"h-svg-icon h-icon__icon style-789-icon style-local-88-c41-icon\"><!--Icon by Material Icons (https:\/\/material.io)--><svg version=\"1.1\" xmlns=\"http:\/\/www.w3.org\/2000\/svg\" xmlns:xlink=\"http:\/\/www.w3.org\/1999\/xlink\" id=\"done_all\" viewBox=\"0 0 512 512\"><path d=\"M9 286l30-30 119 119-30 30L9 286zm465-167l31 30-256 256-120-119 31-30 89 89 225-226zm-90 30L249 285l-30-30 135-136 30 30z\"><\/path><\/svg><\/span><\/div>\n            <div\n              data-colibri-id=\"88-c42\" class=\"h-text h-text-component style-215 style-local-88-c42 position-relative h-element\">\n              <!---->\n              <!---->\n              <div class=\"\">\n                <p><span style=\"color: rgb(255, 255, 255);\">Vocaci\u00f3n de servicio<\/span><\/p>\n                <p><span style=\"color: rgb(255, 255, 255);\">Trabajo en equipo<\/span><\/p>\n                <p><span style=\"color: rgb(255, 255, 255);\">Innovaci\u00f3n y creatividad<\/span><\/p>\n                <p><span style=\"color: rgb(255, 255, 255);\">Organizaci\u00f3n y disciplina<\/span><\/p>\n                <p><span style=\"color: rgb(255, 255, 255);\">Comunicaci\u00f3n asertiva<\/span><\/p>\n                <p>\n                  <br>\n                <\/p>\n              <\/div>\n          <\/div>\n        <\/div>\n      <\/div>\n    <\/div>\n    <div class=\"h-column h-column-container d-flex h-col-lg-3 h-col-md-6 h-col-12 style-206-outer style-local-88-c43-outer\">\n      <div data-colibri-id=\"88-c43\" class=\"d-flex h-flex-basis h-column__inner h-px-lg-2 h-px-md-2 h-px-2 v-inner-lg-2 v-inner-md-2 v-inner-2 style-206 style-local-88-c43 position-relative\">\n        <!---->\n        <!---->\n        <div class=\"w-100 h-y-container h-column__content h-column__v-align flex-basis-100 align-self-lg-start align-self-md-start align-self-start\">\n          <!---->\n          <div data-colibri-id=\"88-c44\" class=\"h-icon style-789 style-local-88-c44 position-relative h-element\">\n            <!----><span class=\"h-svg-icon h-icon__icon style-789-icon style-local-88-c44-icon\"><!--Icon by Material Icons (https:\/\/material.io)--><svg version=\"1.1\" xmlns=\"http:\/\/www.w3.org\/2000\/svg\" xmlns:xlink=\"http:\/\/www.w3.org\/1999\/xlink\" id=\"done_all\" viewBox=\"0 0 512 512\"><path d=\"M9 286l30-30 119 119-30 30L9 286zm465-167l31 30-256 256-120-119 31-30 89 89 225-226zm-90 30L249 285l-30-30 135-136 30 30z\"><\/path><\/svg><\/span><\/div>\n          <div\n            data-colibri-id=\"88-c45\" class=\"h-text h-text-component style-215 style-local-88-c45 position-relative h-element\">\n            <!---->\n            <!---->\n            <div class=\"\">\n              <p><span style=\"color: rgb(255, 255, 255);\">Mejoramiento contin\u00fao<\/span><\/p>\n              <p><span style=\"color: rgb(255, 255, 255);\">Trato humanizado<\/span><\/p>\n              <p><span style=\"color: rgb(255, 255, 255);\">Sentido de pertenencia<\/span><\/p>\n              <p><span style=\"color: rgb(255, 255, 255);\">Resiliencia<\/span><\/p>\n              <p><span style=\"color: rgb(255, 255, 255);\">Paciencia<\/span><\/p>\n              <p><span style=\"color: rgb(255, 255, 255);\">Liderazgo institucional<\/span><\/p>\n              <p>\n                <br>\n              <\/p>\n            <\/div>\n        <\/div>\n      <\/div>\n    <\/div>\n  <\/div>\n<\/div>\n<\/div>\n<\/div>\n<\/div>\n<\/div>","protected":false},"excerpt":{"rendered":"<p>mision En ETAZLA SOLUCIONES S.A.S buscamos mejorar la calidad de vida de nuestros usuarios y la creciente creaci\u00f3n de valor social y econ\u00f3mico, a trav\u00e9s de soluciones integrales en telecomunicaciones, seguridad y dom\u00f3tica. Gestionamos nuestros procesos con el mejor talento humano en el marco del desarrollo sostenible, la calidad del servicio, la innovaci\u00f3n efectiva y [&hellip;]<\/p>\n","protected":false},"author":1,"featured_media":0,"parent":0,"menu_order":0,"comment_status":"closed","ping_status":"closed","template":"page-templates\/full-width-page.php","meta":[],"_links":{"self":[{"href":"https:\/\/etazla.com.co\/index.php?rest_route=\/wp\/v2\/pages\/88"}],"collection":[{"href":"https:\/\/etazla.com.co\/index.php?rest_route=\/wp\/v2\/pages"}],"about":[{"href":"https:\/\/etazla.com.co\/index.php?rest_route=\/wp\/v2\/types\/page"}],"author":[{"embeddable":true,"href":"https:\/\/etazla.com.co\/index.php?rest_route=\/wp\/v2\/users\/1"}],"replies":[{"embeddable":true,"href":"https:\/\/etazla.com.co\/index.php?rest_route=%2Fwp%2Fv2%2Fcomments&post=88"}],"version-history":[{"count":20,"href":"https:\/\/etazla.com.co\/index.php?rest_route=\/wp\/v2\/pages\/88\/revisions"}],"predecessor-version":[{"id":1654,"href":"https:\/\/etazla.com.co\/index.php?rest_route=\/wp\/v2\/pages\/88\/revisions\/1654"}],"wp:attachment":[{"href":"https:\/\/etazla.com.co\/index.php?rest_route=%2Fwp%2Fv2%2Fmedia&parent=88"}],"curies":[{"name":"wp","href":"https:\/\/api.w.org\/{rel}","templated":true}]}}